{"id":7698,"date":"2026-01-28T17:09:25","date_gmt":"2026-01-28T17:09:25","guid":{"rendered":"https:\/\/encuentrob.sistemab.org\/?page_id=7698"},"modified":"2026-01-29T20:28:43","modified_gmt":"2026-01-29T20:28:43","slug":"secao-entregue-a-cop30","status":"publish","type":"page","link":"https:\/\/encuentrob.sistemab.org\/pt\/secao-entregue-a-cop30\/","title":{"rendered":"Entrega da se\u00e7\u00e3o para a COP30"},"content":{"rendered":"<div data-elementor-type=\"wp-page\" data-elementor-id=\"7698\" class=\"elementor elementor-7698\" data-elementor-post-type=\"page\">\n\t\t\t\t<div class=\"elementor-element elementor-element-ee559e7 e-flex e-con-boxed e-con e-child\" data-id=\"ee559e7\" data-element_type=\"container\" data-e-type=\"container\" data-settings=\"{&quot;background_background&quot;:&quot;video&quot;,&quot;jet_parallax_layout_list&quot;:[],&quot;background_play_on_mobile&quot;:&quot;yes&quot;}\">\n\t\t\t\t\t<div class=\"e-con-inner\">\n\t\t\t\t<div class=\"elementor-element elementor-element-ed37d91 elementor-widget elementor-widget-heading\" data-id=\"ed37d91\" data-element_type=\"widget\" data-e-type=\"widget\" data-widget_type=\"heading.default\">\n\t\t\t\t\t<h2 class=\"elementor-heading-title elementor-size-default\">COP30<\/h2>\t\t\t\t<\/div>\n\t\t\t\t\t<\/div>\n\t\t\t\t<\/div>\n\t\t<div class=\"elementor-element elementor-element-fc175a1 e-flex e-con-boxed e-con e-parent\" data-id=\"fc175a1\" data-element_type=\"container\" data-e-type=\"container\" data-settings=\"{&quot;jet_parallax_layout_list&quot;:[],&quot;background_background&quot;:&quot;classic&quot;}\">\n\t\t\t\t\t<div class=\"e-con-inner\">\n\t\t<div class=\"elementor-element elementor-element-646b8cc e-con-full e-flex e-con e-child\" data-id=\"646b8cc\" data-element_type=\"container\" data-e-type=\"container\" data-settings=\"{&quot;jet_parallax_layout_list&quot;:[]}\">\n\t\t\t\t<div class=\"elementor-element elementor-element-788f085 elementor-widget elementor-widget-heading\" data-id=\"788f085\" data-element_type=\"widget\" data-e-type=\"widget\" data-widget_type=\"heading.default\">\n\t\t\t\t\t<h2 class=\"elementor-heading-title elementor-size-default\">Um marco do Movimento B no caminho para a COP30<\/h2>\t\t\t\t<\/div>\n\t\t\t\t<div class=\"elementor-element elementor-element-d30ada8 elementor-widget__width-initial elementor-invisible elementor-widget elementor-widget-text-editor\" data-id=\"d30ada8\" data-element_type=\"widget\" data-e-type=\"widget\" data-settings=\"{&quot;_animation&quot;:&quot;fadeInLeft&quot;,&quot;_animation_delay&quot;:200}\" data-widget_type=\"text-editor.default\">\n\t\t\t\t\t\t\t\t\t<p><span style=\"font-weight: 400;\">Este documento \u00e9 um marco fundamental no caminho para a COP30, reunindo a vis\u00e3o coletiva e o firme compromisso do Movimento B na Am\u00e9rica Latina e no Caribe. Em suas p\u00e1ginas, apresentamos a Carta do Encuentro+B Amaz\u00f4nia 2025, um manifesto que exige uma transi\u00e7\u00e3o econ\u00f4mica justa e regenerativa, onde o cuidado com a vida e o conhecimento ancestral de nossas comunidades se tornem os pilares da a\u00e7\u00e3o clim\u00e1tica global.<br><br><\/span><\/p>\n<p><span style=\"font-weight: 400;\">Acompanhado pelo endosso de centenas de empresas e l\u00edderes que assinaram o documento, este comp\u00eandio n\u00e3o apenas documenta um apelo aos l\u00edderes mundiais, mas atua como prova tang\u00edvel de que o setor privado est\u00e1 pronto para liderar com prop\u00f3sito. \u00c9 um apelo \u00e0 coer\u00eancia e \u00e0 colabora\u00e7\u00e3o radical, reafirmando que o sucesso dos neg\u00f3cios s\u00f3 \u00e9 real quando garante o bem-estar das pessoas e a sa\u00fade de nosso ecossistema comum.<\/span><\/p>\t\t\t\t\t\t\t\t<\/div>\n\t\t\t\t<\/div>\n\t\t<div class=\"elementor-element elementor-element-4c42715 e-con-full e-flex e-con e-child\" data-id=\"4c42715\" data-element_type=\"container\" data-e-type=\"container\" data-settings=\"{&quot;jet_parallax_layout_list&quot;:[],&quot;background_background&quot;:&quot;classic&quot;}\">\n\t\t\t\t<\/div>\n\t\t\t\t\t<\/div>\n\t\t\t\t<\/div>\n\t\t<div class=\"elementor-element elementor-element-a334786 e-flex e-con-boxed e-con e-parent\" data-id=\"a334786\" data-element_type=\"container\" data-e-type=\"container\" data-settings=\"{&quot;jet_parallax_layout_list&quot;:[],&quot;background_background&quot;:&quot;classic&quot;}\">\n\t\t\t\t\t<div class=\"e-con-inner\">\n\t\t\t\t<div class=\"elementor-element elementor-element-674fe12 elementor-widget elementor-widget-video\" data-id=\"674fe12\" data-element_type=\"widget\" data-e-type=\"widget\" data-settings=\"{&quot;video_type&quot;:&quot;vimeo&quot;}\" data-widget_type=\"video.default\">\n\t\t\t\t\t\t\t<div class=\"elementor-wrapper elementor-open-inline\">\n\t\t\t<iframe class=\"elementor-video-iframe\" allowfullscreen allow=\"clipboard-write\" title=\"Reprodutor de v\u00eddeo vimeo\" src=\"https:\/\/player.vimeo.com\/video\/1127868287?color&amp;autopause=0&amp;loop=0&amp;muted=0&amp;title=1&amp;portrait=1&amp;byline=1&amp;h=fe1714f209#t=\" data-no-translation-title=\"\"><\/iframe>\t\t<\/div>\n\t\t\t\t\t\t<\/div>\n\t\t\t\t\t<\/div>\n\t\t\t\t<\/div>\n\t\t<div class=\"elementor-element elementor-element-826bd88 e-flex e-con-boxed e-con e-parent\" data-id=\"826bd88\" data-element_type=\"container\" data-e-type=\"container\" data-settings=\"{&quot;jet_parallax_layout_list&quot;:[],&quot;background_background&quot;:&quot;classic&quot;}\">\n\t\t\t\t\t<div class=\"e-con-inner\">\n\t\t<div class=\"elementor-element elementor-element-97695b8 e-con-full e-flex e-con e-child\" data-id=\"97695b8\" data-element_type=\"container\" data-e-type=\"container\" data-settings=\"{&quot;jet_parallax_layout_list&quot;:[],&quot;background_background&quot;:&quot;classic&quot;}\">\n\t\t\t\t<\/div>\n\t\t<div class=\"elementor-element elementor-element-cc36ad4 e-con-full e-flex e-con e-child\" data-id=\"cc36ad4\" data-element_type=\"container\" data-e-type=\"container\" data-settings=\"{&quot;jet_parallax_layout_list&quot;:[]}\">\n\t\t\t\t<div class=\"elementor-element elementor-element-305b49b elementor-widget elementor-widget-heading\" data-id=\"305b49b\" data-element_type=\"widget\" data-e-type=\"widget\" data-widget_type=\"heading.default\">\n\t\t\t\t\t<h2 class=\"elementor-heading-title elementor-size-default\">Carta<\/h2>\t\t\t\t<\/div>\n\t\t\t\t<div class=\"elementor-element elementor-element-9cadfc4 elementor-widget__width-initial elementor-invisible elementor-widget elementor-widget-text-editor\" data-id=\"9cadfc4\" data-element_type=\"widget\" data-e-type=\"widget\" data-settings=\"{&quot;_animation&quot;:&quot;fadeInLeft&quot;,&quot;_animation_delay&quot;:200}\" data-widget_type=\"text-editor.default\">\n\t\t\t\t\t\t\t\t\t<p>Governan\u00e7a das partes interessadas: uma resposta estrutural \u00e0 crise clim\u00e1tica e da natureza.<\/p>\t\t\t\t\t\t\t\t<\/div>\n\t\t\t\t<div class=\"elementor-element elementor-element-e8e966f elementor-invisible elementor-widget elementor-widget-button\" data-id=\"e8e966f\" data-element_type=\"widget\" data-e-type=\"widget\" data-settings=\"{&quot;_animation&quot;:&quot;fadeInUp&quot;,&quot;_animation_delay&quot;:400}\" data-widget_type=\"button.default\">\n\t\t\t\t\t\t\t\t\t\t<a class=\"elementor-button elementor-button-link elementor-size-sm elementor-animation-float\" href=\"https:\/\/docs.google.com\/presentation\/d\/e\/2PACX-1vTFMiK7nM0_RrGZ7RnT6T9sYxGP6WSnuDBBRJdJdVzjdCcdArzppEnEhGqTOEzwxvwEUKgRKxE7ONKC\/pub?start=false&amp;loop=false&amp;delayms=3000&amp;slide=id.g3a2c5a3bb09_0_119\" target=\"_blank\" rel=\"noopener\">\n\t\t\t\t\t\t<span class=\"elementor-button-content-wrapper\">\n\t\t\t\t\t\t\t\t\t<span class=\"elementor-button-text\">Leia a carta da COP30<\/span>\n\t\t\t\t\t<\/span>\n\t\t\t\t\t<\/a>\n\t\t\t\t\t\t\t\t<\/div>\n\t\t\t\t<\/div>\n\t\t\t\t\t<\/div>\n\t\t\t\t<\/div>\n\t\t\t\t<\/div>","protected":false},"excerpt":{"rendered":"<p>COP30 Um marco do Movimento B rumo \u00e0 COP30 Este documento constitui um marco fundamental a caminho da COP30, ao reunir a vis\u00e3o coletiva e o compromisso firme do Movimento B na Am\u00e9rica Latina e Caribe. Em suas p\u00e1ginas, apresentamos a Carta do Encontro+B Amaz\u00f4nia 2025, um manifesto que clama por uma [\u2026]<\/p>","protected":false},"author":1,"featured_media":0,"parent":0,"menu_order":0,"comment_status":"closed","ping_status":"closed","template":"","meta":{"footnotes":""},"class_list":["post-7698","page","type-page","status-publish","hentry"],"_links":{"self":[{"href":"https:\/\/encuentrob.sistemab.org\/pt\/wp-json\/wp\/v2\/pages\/7698","targetHints":{"allow":["GET"]}}],"collection":[{"href":"https:\/\/encuentrob.sistemab.org\/pt\/wp-json\/wp\/v2\/pages"}],"about":[{"href":"https:\/\/encuentrob.sistemab.org\/pt\/wp-json\/wp\/v2\/types\/page"}],"author":[{"embeddable":true,"href":"https:\/\/encuentrob.sistemab.org\/pt\/wp-json\/wp\/v2\/users\/1"}],"replies":[{"embeddable":true,"href":"https:\/\/encuentrob.sistemab.org\/pt\/wp-json\/wp\/v2\/comments?post=7698"}],"version-history":[{"count":31,"href":"https:\/\/encuentrob.sistemab.org\/pt\/wp-json\/wp\/v2\/pages\/7698\/revisions"}],"predecessor-version":[{"id":7731,"href":"https:\/\/encuentrob.sistemab.org\/pt\/wp-json\/wp\/v2\/pages\/7698\/revisions\/7731"}],"wp:attachment":[{"href":"https:\/\/encuentrob.sistemab.org\/pt\/wp-json\/wp\/v2\/media?parent=7698"}],"curies":[{"name":"wp","href":"https:\/\/api.w.org\/{rel}","templated":true}]}}

Entrega da seção para a COP30

<div data-elementor-type="wp-page" data-elementor-id="7698" class="elementor elementor-7698" data-elementor-post-type="page">
				<div class="elementor-element elementor-element-ee559e7 e-flex e-con-boxed e-con e-child" data-id="ee559e7" data-element_type="container" data-e-type="container" data-settings="{&quot;background_background&quot;:&quot;video&quot;,&quot;jet_parallax_layout_list&quot;:[],&quot;background_play_on_mobile&quot;:&quot;yes&quot;}">
					<div class="e-con-inner">
				<div class="elementor-element elementor-element-ed37d91 elementor-widget elementor-widget-heading" data-id="ed37d91" data-element_type="widget" data-e-type="widget" data-widget_type="heading.default">
					<h2 class="elementor-heading-title elementor-size-default">COP30</h2>				</div>
					</div>
				</div>
		<div class="elementor-element elementor-element-fc175a1 e-flex e-con-boxed e-con e-parent" data-id="fc175a1" data-element_type="container" data-e-type="container" data-settings="{&quot;jet_parallax_layout_list&quot;:[],&quot;background_background&quot;:&quot;classic&quot;}">
					<div class="e-con-inner">
		<div class="elementor-element elementor-element-646b8cc e-con-full e-flex e-con e-child" data-id="646b8cc" data-element_type="container" data-e-type="container" data-settings="{&quot;jet_parallax_layout_list&quot;:[]}">
				<div class="elementor-element elementor-element-788f085 elementor-widget elementor-widget-heading" data-id="788f085" data-element_type="widget" data-e-type="widget" data-widget_type="heading.default">
					<h2 class="elementor-heading-title elementor-size-default">Um marco do Movimento B no caminho para a COP30</h2>				</div>
				<div class="elementor-element elementor-element-d30ada8 elementor-widget__width-initial elementor-invisible elementor-widget elementor-widget-text-editor" data-id="d30ada8" data-element_type="widget" data-e-type="widget" data-settings="{&quot;_animation&quot;:&quot;fadeInLeft&quot;,&quot;_animation_delay&quot;:200}" data-widget_type="text-editor.default">
									<p><span style="font-weight: 400;">Este documento é um marco fundamental no caminho para a COP30, reunindo a visão coletiva e o firme compromisso do Movimento B na América Latina e no Caribe. Em suas páginas, apresentamos a Carta do Encuentro+B Amazônia 2025, um manifesto que exige uma transição econômica justa e regenerativa, onde o cuidado com a vida e o conhecimento ancestral de nossas comunidades se tornem os pilares da ação climática global.<br><br></span></p>
<p><span style="font-weight: 400;">Acompanhado pelo endosso de centenas de empresas e líderes que assinaram o documento, este compêndio não apenas documenta um apelo aos líderes mundiais, mas atua como prova tangível de que o setor privado está pronto para liderar com propósito. É um apelo à coerência e à colaboração radical, reafirmando que o sucesso dos negócios só é real quando garante o bem-estar das pessoas e a saúde de nosso ecossistema comum.</span></p>								</div>
				</div>
		<div class="elementor-element elementor-element-4c42715 e-con-full e-flex e-con e-child" data-id="4c42715" data-element_type="container" data-e-type="container" data-settings="{&quot;jet_parallax_layout_list&quot;:[],&quot;background_background&quot;:&quot;classic&quot;}">
				</div>
					</div>
				</div>
		<div class="elementor-element elementor-element-a334786 e-flex e-con-boxed e-con e-parent" data-id="a334786" data-element_type="container" data-e-type="container" data-settings="{&quot;jet_parallax_layout_list&quot;:[],&quot;background_background&quot;:&quot;classic&quot;}">
					<div class="e-con-inner">
				<div class="elementor-element elementor-element-674fe12 elementor-widget elementor-widget-video" data-id="674fe12" data-element_type="widget" data-e-type="widget" data-settings="{&quot;video_type&quot;:&quot;vimeo&quot;}" data-widget_type="video.default">
							<div class="elementor-wrapper elementor-open-inline">
			<iframe class="elementor-video-iframe" allowfullscreen allow="clipboard-write" title="Reprodutor de vídeo vimeo" src="https://player.vimeo.com/video/1127868287?color&amp;autopause=0&amp;loop=0&amp;muted=0&amp;title=1&amp;portrait=1&amp;byline=1&amp;h=fe1714f209#t=" data-no-translation-title=""></iframe>		</div>
						</div>
					</div>
				</div>
		<div class="elementor-element elementor-element-826bd88 e-flex e-con-boxed e-con e-parent" data-id="826bd88" data-element_type="container" data-e-type="container" data-settings="{&quot;jet_parallax_layout_list&quot;:[],&quot;background_background&quot;:&quot;classic&quot;}">
					<div class="e-con-inner">
		<div class="elementor-element elementor-element-97695b8 e-con-full e-flex e-con e-child" data-id="97695b8" data-element_type="container" data-e-type="container" data-settings="{&quot;jet_parallax_layout_list&quot;:[],&quot;background_background&quot;:&quot;classic&quot;}">
				</div>
		<div class="elementor-element elementor-element-cc36ad4 e-con-full e-flex e-con e-child" data-id="cc36ad4" data-element_type="container" data-e-type="container" data-settings="{&quot;jet_parallax_layout_list&quot;:[]}">
				<div class="elementor-element elementor-element-305b49b elementor-widget elementor-widget-heading" data-id="305b49b" data-element_type="widget" data-e-type="widget" data-widget_type="heading.default">
					<h2 class="elementor-heading-title elementor-size-default">Carta</h2>				</div>
				<div class="elementor-element elementor-element-9cadfc4 elementor-widget__width-initial elementor-invisible elementor-widget elementor-widget-text-editor" data-id="9cadfc4" data-element_type="widget" data-e-type="widget" data-settings="{&quot;_animation&quot;:&quot;fadeInLeft&quot;,&quot;_animation_delay&quot;:200}" data-widget_type="text-editor.default">
									<p>Governança das partes interessadas: uma resposta estrutural à crise climática e da natureza.</p>								</div>
				<div class="elementor-element elementor-element-e8e966f elementor-invisible elementor-widget elementor-widget-button" data-id="e8e966f" data-element_type="widget" data-e-type="widget" data-settings="{&quot;_animation&quot;:&quot;fadeInUp&quot;,&quot;_animation_delay&quot;:400}" data-widget_type="button.default">
										<a class="elementor-button elementor-button-link elementor-size-sm elementor-animation-float" href="https://docs.google.com/presentation/d/e/2PACX-1vTFMiK7nM0_RrGZ7RnT6T9sYxGP6WSnuDBBRJdJdVzjdCcdArzppEnEhGqTOEzwxvwEUKgRKxE7ONKC/pub?start=false&amp;loop=false&amp;delayms=3000&amp;slide=id.g3a2c5a3bb09_0_119" target="_blank" rel="noopener">
						<span class="elementor-button-content-wrapper">
									<span class="elementor-button-text">Leia a carta da COP30</span>
					</span>
					</a>
								</div>
				</div>
					</div>
				</div>
				</div>

<p>COP30 Um marco do Movimento B rumo à COP30 Este documento constitui um marco fundamental a caminho da COP30, ao reunir a visão coletiva e o compromisso firme do Movimento B na América Latina e Caribe. Em suas páginas, apresentamos a Carta do Encontro+B Amazônia 2025, um manifesto que clama por uma […]</p>
